 the greatest common divisor of 23111 and 764?
191
Calculate the highest common factor of 5372 and 12104.
68
What is the highest common divisor of 98616 and 42?
42
What is the highest common factor of 437 and 20907?
23
What is the highest common divisor of 24624 and 10602?
342
What is the greatest common divisor of 70389 and 121?
11
Calculate the greatest common factor of 69 and 389643.
69
Calculate the highest common divisor of 48800 and 160.
160
What is the highest common factor of 49400 and 3496?
152
What is the greatest common divisor of 149238 and 90?
18
What is the highest common factor of 114135 and 105?
105
Calculate the highest common divisor of 406 and 336168.
406
What is the highest common factor of 710363 and 803?
73
Calculate the highest common divisor of 43713 and 6.
3
What is the highest common divisor of 44 and 7601?
11
Calculate the greatest common factor of 108910 and 210.
10
Calculate the greatest common factor of 45201 and 102999.
741
What is the greatest common divisor of 2398 and 5014?
218
What is the highest common factor of 15384 and 1032?
24
Calculate the highest common divisor of 424 and 10424.
8
What is the highest common factor of 24248 and 24?
8
What is the highest common divisor of 1752 and 240?
24
What is the greatest common factor of 789633 and 204?
51
What is the highest common factor of 58082 and 14392?
514
What is the highest common divisor of 88254 and 3258?
18
Calculate the greatest common factor of 9254 and 140.
14
What is the greatest common divisor of 29841 and 36897?
147
What is the highest common factor of 16953 and 78?
3
What is the greatest common divisor of 663 and 41548?
221
What is the highest common factor of 59319 and 189?
27
Calculate the highest common factor of 711 and 3231.
9
What is the highest common factor of 3157 and 840213?
451
Calculate the highest common factor of 26325 and 3250.
325
What is the highest common divisor of 292 and 848187?
73
Calculate the highest common factor of 84 and 17948.
28
Calculate the highest common divisor of 12832 and 256.
32
Calculate the highest common divisor of 650 and 14131.
13
What is the greatest common factor of 2151410 and 20?
10
What is the highest common factor of 4917 and 8151?
33
What is the greatest common factor of 7293 and 6357?
39
What is the highest common factor of 11408 and 141887?
713
What is the greatest common factor of 77753 and 13?
13
What is the highest common factor of 144480 and 17458?
602
What is the highest common factor of 17453 and 3007?
31
Calculate the greatest common factor of 1678887 and 441.
441
Calculate the greatest common divisor of 2294 and 54982.
74
What is the highest common factor of 83713 and 420?
7
What is the highest common factor of 218 and 104422?
218
What is the highest common divisor of 1728 and 170?
2
Calculate the highest common divisor of 268 and 59965.
67
Calculate the highest common divisor of 47 and 3874727.
47
Calculate the greatest common factor of 2 and 182198.
2
Calculate the highest common divisor of 3577 and 146.
73
What is the highest common divisor of 97728 and 432?
48
What is the highest common divisor of 3839 and 33?
11
Calculate the highest common factor of 221102 and 238.
238
Calculate the highest common factor of 48 and 96530.
2
What is the highest common divisor of 139258 and 58?
58
Calculate the highest common factor of 34 and 11878954.
34
What is the highest common factor of 44 and 332068?
44
What is the greatest common divisor of 1449 and 42343?
161
Calculate the highest common factor of 104247 and 117.
117
Calculate the highest common divisor of 10220774 and 578.
578
Calculate the highest common divisor of 246 and 1392.
6
Calculate the greatest common factor of 150838 and 424.
106
What is the greatest common factor of 272107 and 638?
319
What is the highest common factor of 195 and 196885?
65
What is the highest common factor of 20 and 6350?
10
What is the highest common factor of 34 and 24922?
34
Calculate the highest common factor of 3145 and 136.
17
What is the highest common divisor of 7144 and 328?
8
Calculate the highest common factor of 390 and 5829720.
390
What is the highest common divisor of 1746 and 20758?
194
What is the highest common divisor of 375 and 366375?
375
What is the highest common factor of 486 and 117522?
18
What is the highest common divisor of 758 and 449115?
379
What is the greatest common factor of 570 and 11990900?
190
Calculate the greatest common divisor of 5884 and 8.
4
Calculate the greatest common divisor of 82 and 1189.
41
What is the highest common factor of 110722 and 1162?
166
Calculate the greatest common factor of 16044 and 91.
7
Calculate the greatest common factor of 345239 and 1878.
313
Calculate the highest common divisor of 273 and 76258.
91
Calculate the highest common factor of 12449246 and 122.
122
What is the highest common factor of 36646 and 438?
146
What is the highest common divisor of 102941 and 331?
331
Calculate the highest common divisor of 128 and 7553280.
128
Calculate the greatest common factor of 15592647 and 21.
21
Calculate the greatest common factor of 5432 and 32.
8
Calculate the highest common divisor of 71016 and 1144.
88
Calculate the greatest common factor of 35105 and 2730.
35
What is the greatest common factor of 1451128 and 280?
56
Calculate the greatest common factor of 3344 and 517.
11
Calculate the greatest common divisor of 1271 and 451.
41
Calculate the greatest common factor of 2649 and 562471.
883
Calculate the highest common factor of 310485 and 35.
35
What is the greatest common factor of 667 and 2990?
23
What is the greatest common factor of 17280 and 2016?
288
What is the greatest common divisor of 11 and 137?
1
What is the highest common factor of 18690 and 61944?
534
Calculate the highest common factor of 24696 and 90.
18
What is the greatest common divisor of 88886 and 14?
14
Calculate the highest common divisor of 41197 and 221.
13
What is the highest common divisor of 304 and 38836?
76
Calculate the highest common factor of 477 and 114321.
159
Calculate the highest common divisor of 10 and 2007790.
10
What is the greatest common factor of 2574404 and 140?
28
Calculate the greatest common divisor of 720090 and 2268.
1134
Calculate the greatest common divisor of 1120 and 34048.
224
What is the greatest common divisor of 45782 and 352?
22
What is the greatest common divisor of 946 and 1606?
22
Calculate the highest common divisor of 52 and 192868.
52
Calculate the highest common factor of 9693 and 8257.
359
Calculate the highest common factor of 22 and 7219795.
11
Calculate the greatest common factor of 5872 and 16.
16
Calculate the highest common divisor of 4755 and 3855.
15
What is the greatest common factor of 485 and 319227?
97
Calculate the highest common divisor of 135 and 5610.
15
Calculate the greatest common divisor of 348 and 11145.
3
Calculate the greatest common factor of 627 and 335863.
209
What is the highest common divisor of 330369 and 43?
43
What is the greatest common factor of 5895 and 10215?
45
What is the greatest common factor of 2175 and 1392?
87
Calculate the highest common factor of 4890 and 2282.
326
Calculate the highest common divisor of 8343 and 13473.
27
What is the greatest common factor of 110808 and 6688?
152
What is the highest common divisor of 22068 and 36?
36
What is the highest common divisor of 17845 and 315190?
215
What is the greatest common divisor of 630 and 3738?
42
What is the greatest common factor of 30 and 4166655?
15
Calculate the greatest common divisor of 1120 and 1420.
20
Calculate the highest common factor of 31694 and 81926.
598
Calculate the highest common divisor of 161025 and 5763.
339
Calculate the greatest common factor of 5409581 and 82.
41
What is the highest common divisor of 16756 and 3776?
236
Calculate the highest common divisor of 75327 and 6.
3
Calculate the highest common factor of 1090 and 264434.
218
What is the greatest common factor of 9 and 44271?
9
Calculate the highest common divisor of 225351 and 7.
7
Calculate the greatest common divisor of 430 and 2924.
86
What is the highest common factor of 180 and 1125180?
180
Calculate the highest common divisor of 20126 and 290.
58
Calculate the highest common divisor of 415982 and